{"id":1572,"date":"2024-08-24T11:00:58","date_gmt":"2024-08-24T14:00:58","guid":{"rendered":"https:\/\/mecaniza.com.br\/?page_id=1572"},"modified":"2024-08-24T11:04:24","modified_gmt":"2024-08-24T14:04:24","slug":"modelo-ex-854","status":"publish","type":"page","link":"https:\/\/mecaniza.com.br\/?page_id=1572","title":{"rendered":"MODELO EX 854"},"content":{"rendered":"\t\t<div data-elementor-type=\"wp-page\" data-elementor-id=\"1572\" class=\"elementor elementor-1572\">\n\t\t\t\t<div class=\"elementor-element elementor-element-21505a4b e-flex e-con-boxed e-con e-parent\" data-id=\"21505a4b\" data-element_type=\"container\">\n\t\t\t\t\t<div class=\"e-con-inner\">\n\t\t\t\t<div class=\"elementor-element elementor-element-3773ffad elementor-widget elementor-widget-heading\" data-id=\"3773ffad\" data-element_type=\"widget\" data-widget_type=\"heading.default\">\n\t\t\t\t<div class=\"elementor-widget-container\">\n\t\t\t<style>\/*! elementor - v3.23.0 - 05-08-2024 *\/\n.elementor-heading-title{padding:0;margin:0;line-height:1}.elementor-widget-heading .elementor-heading-title[class*=elementor-size-]>a{color:inherit;font-size:inherit;line-height:inherit}.elementor-widget-heading .elementor-heading-title.elementor-size-small{font-size:15px}.elementor-widget-heading .elementor-heading-title.elementor-size-medium{font-size:19px}.elementor-widget-heading .elementor-heading-title.elementor-size-large{font-size:29px}.elementor-widget-heading .elementor-heading-title.elementor-size-xl{font-size:39px}.elementor-widget-heading .elementor-heading-title.elementor-size-xxl{font-size:59px}<\/style><h2 class=\"elementor-heading-title elementor-size-default\">DESCRI\u00c7\u00c3O DO PRODUTO:<\/h2>\t\t<\/div>\n\t\t\t\t<\/div>\n\t\t\t\t<div class=\"elementor-element elementor-element-471df495 elementor-widget elementor-widget-text-editor\" data-id=\"471df495\" data-element_type=\"widget\" data-widget_type=\"text-editor.default\">\n\t\t\t\t<div class=\"elementor-widget-container\">\n\t\t\t<style>\/*! elementor - v3.23.0 - 05-08-2024 *\/\n.elementor-widget-text-editor.elementor-drop-cap-view-stacked .elementor-drop-cap{background-color:#69727d;color:#fff}.elementor-widget-text-editor.elementor-drop-cap-view-framed .elementor-drop-cap{color:#69727d;border:3px solid;background-color:transparent}.elementor-widget-text-editor:not(.elementor-drop-cap-view-default) .elementor-drop-cap{margin-top:8px}.elementor-widget-text-editor:not(.elementor-drop-cap-view-default) .elementor-drop-cap-letter{width:1em;height:1em}.elementor-widget-text-editor .elementor-drop-cap{float:left;text-align:center;line-height:1;font-size:50px}.elementor-widget-text-editor .elementor-drop-cap-letter{display:inline-block}<\/style>\t\t\t\t<h3><span style=\"color: #000000;\">Motor<\/span><\/h3><ul><li><span style=\"color: #000000;\">Modelo: LR4B3ZU-YTO<\/span><\/li><li><span style=\"color: #000000;\">Tipo: Diesel, 4 cilindros mec\u00e2nico aspirado<\/span><\/li><li><span style=\"color: #000000;\">Pot\u00eancia m\u00e1x. (CV [kW] @ rpm): 82 cv (60 kW) @ 2200 rpm<\/span><\/li><li><span style=\"color: #000000;\">N\u00famero de cilindros\/di\u00e2metro cilindro e curso pist\u00e3o: 4 cilindros \/ 108 x 130 mm<\/span><\/li><li><span style=\"color: #000000;\">Torque m\u00e1ximo: 325 Nm @ 1600 rpm<\/span><\/li><\/ul><h3><span style=\"color: #000000;\">Embreagem<\/span><\/h3><ul><li><span style=\"color: #000000;\">Tipo: Seco, dupla a\u00e7\u00e3o<\/span><\/li><li><span style=\"color: #000000;\">Di\u00e2metro: 12&#8243;<\/span><\/li><li><span style=\"color: #000000;\">Acionamento: Mec\u00e2nico por pedal<\/span><\/li><\/ul><h3><span style=\"color: #000000;\">Tomada de Pot\u00eancia (TDP)<\/span><\/h3><ul><li><span style=\"color: #000000;\">Tipo: N\u00e3o Independente<\/span><\/li><li><span style=\"color: #000000;\">Velocidade (rpm): 540\/1000, 540\/720, 540\/540E<\/span><\/li><li><span style=\"color: #000000;\">Acoplamento: Mec\u00e2nico manual<\/span><\/li><li><span style=\"color: #000000;\">Pot\u00eancia M\u00e1x. TDP: 71 cv<\/span><\/li><\/ul><h3><span style=\"color: #000000;\">Transmiss\u00e3o<\/span><\/h3><ul><li><span style=\"color: #000000;\">Tipo: Mec\u00e2nica com sincronizador<\/span><\/li><li><span style=\"color: #000000;\">Posi\u00e7\u00e3o das alavancas: Lateral<\/span><\/li><li><span style=\"color: #000000;\">Marchas: 12F\/4R (Opcional 24F\/8R C \/ Creeper)<\/span><\/li><\/ul><h3><span style=\"color: #000000;\">Sistema Hidr\u00e1ulico<\/span><\/h3><ul><li><span style=\"color: #000000;\">Tipo: Categoria II &#8211; mec\u00e2nico com posi\u00e7\u00e3o de controle e profundidade<\/span><\/li><li><span style=\"color: #000000;\">Vaz\u00e3o da bomba (L\/min): 60 L\/min<\/span><\/li><li><span style=\"color: #000000;\">Capacidade de levantamento no olhal: 3740 kg<\/span><\/li><\/ul><h3><span style=\"color: #000000;\">Freios<\/span><\/h3><ul><li><span style=\"color: #000000;\">Tipo: \u00damido\/disco<\/span><\/li><li><span style=\"color: #000000;\">Acionamento: Assist\u00eancia hidr\u00e1ulica, por pedal<\/span><\/li><li><span style=\"color: #000000;\">Freio de estacionamento: Trava pedal<\/span><\/li><\/ul><h3><span style=\"color: #000000;\">Dire\u00e7\u00e3o<\/span><\/h3><ul><li><span style=\"color: #000000;\">Tipo: Hidrost\u00e1tica com circuito hidr\u00e1ulico independente<\/span><\/li><\/ul><h3><span style=\"color: #000000;\">Sistema El\u00e9trico<\/span><\/h3><ul><li><span style=\"color: #000000;\">Tens\u00e3o sistema el\u00e9trico: 12 V \/ 120 Ah<\/span><\/li><li><span style=\"color: #000000;\">Alternador: 14V \/ 700W<\/span><\/li><li><span style=\"color: #000000;\">Motor de partida: 12V \/ 3,8 kW<\/span><\/li><li><span style=\"color: #000000;\">Bateria: 12V \/ 120 Ah<\/span><\/li><\/ul><h3><span style=\"color: #000000;\">Pneus<\/span><\/h3><ul><li><span style=\"color: #000000;\">Dianteiros: 12.4-24 R1<\/span><\/li><li><span style=\"color: #000000;\">Traseiros: 18.4-30 R1<\/span><\/li><\/ul><h3><span style=\"color: #000000;\">Pesos \/ Dimens\u00f5es \/ Capacidades<\/span><\/h3><ul><li><span style=\"color: #000000;\">Peso em ordem de marcha: 4600 kg<\/span><\/li><li><span style=\"color: #000000;\">Raio de giro: 5600 mm<\/span><\/li><li><span style=\"color: #000000;\">Comprimento: 4350 mm<\/span><\/li><li><span style=\"color: #000000;\">Dist\u00e2ncia entre eixos: 2314 mm<\/span><\/li><li><span style=\"color: #000000;\">Altura com cabine: 2765 mm<\/span><\/li><li><span style=\"color: #000000;\">Altura m\u00e1xima (at\u00e9 o volante): 2145 mm<\/span><\/li><li><span style=\"color: #000000;\">Bitola dianteira m\u00edn\/m\u00e1x: 1730 \/ 1960 mm<\/span><\/li><li><span style=\"color: #000000;\">Bitola traseira m\u00edn\/m\u00e1x: 1620 \/ 2120 mm<\/span><\/li><li><span style=\"color: #000000;\">Tanque de combust\u00edvel: 147 L<\/span><\/li><\/ul><h3><span style=\"color: #000000;\">Opcionais<\/span><\/h3><ul><li><span style=\"color: #000000;\">Cabine com ar condicionado<\/span><\/li><li><span style=\"color: #000000;\">MP3<\/span><\/li><li><span style=\"color: #000000;\">Luz de trabalho girat\u00f3ria<\/span><\/li><li><span style=\"color: #000000;\">Farol de trabalho traseiro<\/span><\/li><li><span style=\"color: #000000;\">Assento Grammer<\/span><\/li><\/ul>\t\t\t\t\t\t<\/div>\n\t\t\t\t<\/div>\n\t\t\t\t<div class=\"elementor-element elementor-element-1c141d8f elementor-align-center elementor-widget elementor-widget-button\" data-id=\"1c141d8f\" data-element_type=\"widget\" data-widget_type=\"button.default\">\n\t\t\t\t<div class=\"elementor-widget-container\">\n\t\t\t\t\t<div class=\"elementor-button-wrapper\">\n\t\t\t<a class=\"elementor-button elementor-button-link elementor-size-sm\" href=\"https:\/\/web.whatsapp.com\/send?phone=5534999863729&#038;text=Ol%C3%A1%2C%20Gostaria%20de%20mais%20informa%C3%A7%C3%B5es%20sobre%20seus%20produtos.\">\n\t\t\t\t\t\t<span class=\"elementor-button-content-wrapper\">\n\t\t\t\t\t\t\t\t\t<span class=\"elementor-button-text\">CONVERSAR COM VENDEDOR<\/span>\n\t\t\t\t\t<\/span>\n\t\t\t\t\t<\/a>\n\t\t<\/div>\n\t\t\t\t<\/div>\n\t\t\t\t<\/div>\n\t\t\t\t\t<\/div>\n\t\t\t\t<\/div>\n\t\t<div class=\"elementor-element elementor-element-86635d0 elementor-hidden-tablet elementor-hidden-mobile e-flex e-con-boxed e-con e-parent\" data-id=\"86635d0\" data-element_type=\"container\">\n\t\t\t\t\t<div class=\"e-con-inner\">\n\t\t\t\t<div class=\"elementor-element elementor-element-73d66867 elementor-widget elementor-widget-heading\" data-id=\"73d66867\" data-element_type=\"widget\" data-widget_type=\"heading.default\">\n\t\t\t\t<div class=\"elementor-widget-container\">\n\t\t\t<h2 class=\"elementor-heading-title elementor-size-default\">Vantagens de adquirir um trator YTO<\/h2>\t\t<\/div>\n\t\t\t\t<\/div>\n\t\t\t\t\t<\/div>\n\t\t\t\t<\/div>\n\t\t<div class=\"elementor-element elementor-element-45bfd255 elementor-hidden-tablet elementor-hidden-mobile elementor-hidden-laptop e-flex e-con-boxed e-con e-parent\" data-id=\"45bfd255\" data-element_type=\"container\">\n\t\t\t\t\t<div class=\"e-con-inner\">\n\t\t<div class=\"elementor-element elementor-element-c43bd59 e-con-full e-flex e-con e-child\" data-id=\"c43bd59\" data-element_type=\"container\">\n\t\t\t\t<div class=\"elementor-element elementor-element-63a7ae0f elementor-position-top elementor-widget elementor-widget-image-box\" data-id=\"63a7ae0f\" data-element_type=\"widget\" data-widget_type=\"image-box.default\">\n\t\t\t\t<div class=\"elementor-widget-container\">\n\t\t\t<style>.elementor-widget-image-box .elementor-image-box-content{width:100%}@media (min-width:768px){.elementor-widget-image-box.elementor-position-left .elementor-image-box-wrapper,.elementor-widget-image-box.elementor-position-right .elementor-image-box-wrapper{display:flex}.elementor-widget-image-box.elementor-position-right .elementor-image-box-wrapper{text-align:end;flex-direction:row-reverse}.elementor-widget-image-box.elementor-position-left .elementor-image-box-wrapper{text-align:start;flex-direction:row}.elementor-widget-image-box.elementor-position-top .elementor-image-box-img{margin:auto}.elementor-widget-image-box.elementor-vertical-align-top .elementor-image-box-wrapper{align-items:flex-start}.elementor-widget-image-box.elementor-vertical-align-middle .elementor-image-box-wrapper{align-items:center}.elementor-widget-image-box.elementor-vertical-align-bottom .elementor-image-box-wrapper{align-items:flex-end}}@media (max-width:767px){.elementor-widget-image-box .elementor-image-box-img{margin-left:auto!important;margin-right:auto!important;margin-bottom:15px}}.elementor-widget-image-box .elementor-image-box-img{display:inline-block}.elementor-widget-image-box .elementor-image-box-title a{color:inherit}.elementor-widget-image-box .elementor-image-box-wrapper{text-align:center}.elementor-widget-image-box .elementor-image-box-description{margin:0}<\/style><div class=\"elementor-image-box-wrapper\"><figure class=\"elementor-image-box-img\"><img fetchpriority=\"high\" decoding=\"async\" width=\"768\" height=\"768\" src=\"https:\/\/mecaniza.com.br\/wp-content\/uploads\/2024\/04\/MKT-MECANIZA-4-768x768.png\" class=\"attachment-medium_large size-medium_large wp-image-1100\" alt=\"\" srcset=\"https:\/\/mecaniza.com.br\/wp-content\/uploads\/2024\/04\/MKT-MECANIZA-4-768x768.png 768w, https:\/\/mecaniza.com.br\/wp-content\/uploads\/2024\/04\/MKT-MECANIZA-4-300x300.png 300w, https:\/\/mecaniza.com.br\/wp-content\/uploads\/2024\/04\/MKT-MECANIZA-4-1024x1024.png 1024w, https:\/\/mecaniza.com.br\/wp-content\/uploads\/2024\/04\/MKT-MECANIZA-4-150x150.png 150w, https:\/\/mecaniza.com.br\/wp-content\/uploads\/2024\/04\/MKT-MECANIZA-4.png 1500w\" sizes=\"(max-width: 768px) 100vw, 768px\" \/><\/figure><div class=\"elementor-image-box-content\"><h3 class=\"elementor-image-box-title\">Excelente <\/h3><p class=\"elementor-image-box-description\">Custo-benef\u00edcio e grande disponibilidade<\/p><\/div><\/div>\t\t<\/div>\n\t\t\t\t<\/div>\n\t\t\t\t<\/div>\n\t\t<div class=\"elementor-element elementor-element-16228a1c e-con-full e-flex e-con e-child\" data-id=\"16228a1c\" data-element_type=\"container\">\n\t\t\t\t<div class=\"elementor-element elementor-element-731b6a5b elementor-position-top elementor-widget elementor-widget-image-box\" data-id=\"731b6a5b\" data-element_type=\"widget\" data-widget_type=\"image-box.default\">\n\t\t\t\t<div class=\"elementor-widget-container\">\n\t\t\t<div class=\"elementor-image-box-wrapper\"><figure class=\"elementor-image-box-img\"><img decoding=\"async\" width=\"1500\" height=\"1500\" src=\"https:\/\/mecaniza.com.br\/wp-content\/uploads\/2024\/04\/MKT-MECANIZA-5.png\" class=\"attachment-full size-full wp-image-1101\" alt=\"\" srcset=\"https:\/\/mecaniza.com.br\/wp-content\/uploads\/2024\/04\/MKT-MECANIZA-5.png 1500w, https:\/\/mecaniza.com.br\/wp-content\/uploads\/2024\/04\/MKT-MECANIZA-5-300x300.png 300w, https:\/\/mecaniza.com.br\/wp-content\/uploads\/2024\/04\/MKT-MECANIZA-5-1024x1024.png 1024w, https:\/\/mecaniza.com.br\/wp-content\/uploads\/2024\/04\/MKT-MECANIZA-5-150x150.png 150w, https:\/\/mecaniza.com.br\/wp-content\/uploads\/2024\/04\/MKT-MECANIZA-5-768x768.png 768w\" sizes=\"(max-width: 1500px) 100vw, 1500px\" \/><\/figure><div class=\"elementor-image-box-content\"><h3 class=\"elementor-image-box-title\">Pre\u00e7os<\/h3><p class=\"elementor-image-box-description\">E condi\u00e7\u00f5es especiais imperd\u00edveis para a aquisi\u00e7\u00e3o do seu trator YTO.<\/p><\/div><\/div>\t\t<\/div>\n\t\t\t\t<\/div>\n\t\t\t\t<\/div>\n\t\t<div class=\"elementor-element elementor-element-73f7299a e-con-full e-flex e-con e-child\" data-id=\"73f7299a\" data-element_type=\"container\">\n\t\t\t\t<div class=\"elementor-element elementor-element-5fee5930 elementor-position-top elementor-widget elementor-widget-image-box\" data-id=\"5fee5930\" data-element_type=\"widget\" data-widget_type=\"image-box.default\">\n\t\t\t\t<div class=\"elementor-widget-container\">\n\t\t\t<div class=\"elementor-image-box-wrapper\"><figure class=\"elementor-image-box-img\"><img decoding=\"async\" width=\"768\" height=\"768\" src=\"https:\/\/mecaniza.com.br\/wp-content\/uploads\/2024\/04\/MKT-MECANIZA-6-768x768.png\" class=\"attachment-medium_large size-medium_large wp-image-1102\" alt=\"\" srcset=\"https:\/\/mecaniza.com.br\/wp-content\/uploads\/2024\/04\/MKT-MECANIZA-6-768x768.png 768w, https:\/\/mecaniza.com.br\/wp-content\/uploads\/2024\/04\/MKT-MECANIZA-6-300x300.png 300w, https:\/\/mecaniza.com.br\/wp-content\/uploads\/2024\/04\/MKT-MECANIZA-6-1024x1024.png 1024w, https:\/\/mecaniza.com.br\/wp-content\/uploads\/2024\/04\/MKT-MECANIZA-6-150x150.png 150w, https:\/\/mecaniza.com.br\/wp-content\/uploads\/2024\/04\/MKT-MECANIZA-6.png 1500w\" sizes=\"(max-width: 768px) 100vw, 768px\" \/><\/figure><div class=\"elementor-image-box-content\"><h3 class=\"elementor-image-box-title\">Prazo<\/h3><p class=\"elementor-image-box-description\">de at\u00e9 7 anos para pagar <br>seu trator YTO<\/p><\/div><\/div>\t\t<\/div>\n\t\t\t\t<\/div>\n\t\t\t\t<\/div>\n\t\t\t\t\t<\/div>\n\t\t\t\t<\/div>\n\t\t<div class=\"elementor-element elementor-element-40ae978d elementor-hidden-desktop elementor-hidden-laptop e-flex e-con-boxed e-con e-parent\" data-id=\"40ae978d\" data-element_type=\"container\">\n\t\t\t\t\t<div class=\"e-con-inner\">\n\t\t<div class=\"elementor-element elementor-element-941b01 elementor-hidden-desktop elementor-hidden-laptop e-con-full e-flex e-con e-child\" data-id=\"941b01\" data-element_type=\"container\">\n\t\t\t\t<div class=\"elementor-element elementor-element-5d145c3f elementor-widget elementor-widget-heading\" data-id=\"5d145c3f\" data-element_type=\"widget\" data-widget_type=\"heading.default\">\n\t\t\t\t<div class=\"elementor-widget-container\">\n\t\t\t<h2 class=\"elementor-heading-title elementor-size-default\">Vantagens de adquirir um trator YTO<\/h2>\t\t<\/div>\n\t\t\t\t<\/div>\n\t\t\t\t<\/div>\n\t\t<div class=\"elementor-element elementor-element-763e00c3 e-con-full e-flex e-con e-child\" data-id=\"763e00c3\" data-element_type=\"container\">\n\t\t\t\t<div class=\"elementor-element elementor-element-4f69a6b5 elementor-position-top elementor-widget elementor-widget-image-box\" data-id=\"4f69a6b5\" data-element_type=\"widget\" data-widget_type=\"image-box.default\">\n\t\t\t\t<div class=\"elementor-widget-container\">\n\t\t\t<div class=\"elementor-image-box-wrapper\"><figure class=\"elementor-image-box-img\"><img fetchpriority=\"high\" decoding=\"async\" width=\"768\" height=\"768\" src=\"https:\/\/mecaniza.com.br\/wp-content\/uploads\/2024\/04\/MKT-MECANIZA-4-768x768.png\" class=\"attachment-medium_large size-medium_large wp-image-1100\" alt=\"\" srcset=\"https:\/\/mecaniza.com.br\/wp-content\/uploads\/2024\/04\/MKT-MECANIZA-4-768x768.png 768w, https:\/\/mecaniza.com.br\/wp-content\/uploads\/2024\/04\/MKT-MECANIZA-4-300x300.png 300w, https:\/\/mecaniza.com.br\/wp-content\/uploads\/2024\/04\/MKT-MECANIZA-4-1024x1024.png 1024w, https:\/\/mecaniza.com.br\/wp-content\/uploads\/2024\/04\/MKT-MECANIZA-4-150x150.png 150w, https:\/\/mecaniza.com.br\/wp-content\/uploads\/2024\/04\/MKT-MECANIZA-4.png 1500w\" sizes=\"(max-width: 768px) 100vw, 768px\" \/><\/figure><div class=\"elementor-image-box-content\"><h3 class=\"elementor-image-box-title\">Excelente <\/h3><p class=\"elementor-image-box-description\">Custo-benef\u00edcio e grande disponibilidade<\/p><\/div><\/div>\t\t<\/div>\n\t\t\t\t<\/div>\n\t\t\t\t<\/div>\n\t\t<div class=\"elementor-element elementor-element-493ceb7a e-con-full e-flex e-con e-child\" data-id=\"493ceb7a\" data-element_type=\"container\">\n\t\t\t\t<div class=\"elementor-element elementor-element-4d86f7e5 elementor-position-top elementor-widget elementor-widget-image-box\" data-id=\"4d86f7e5\" data-element_type=\"widget\" data-widget_type=\"image-box.default\">\n\t\t\t\t<div class=\"elementor-widget-container\">\n\t\t\t<div class=\"elementor-image-box-wrapper\"><figure class=\"elementor-image-box-img\"><img decoding=\"async\" width=\"1500\" height=\"1500\" src=\"https:\/\/mecaniza.com.br\/wp-content\/uploads\/2024\/04\/MKT-MECANIZA-5.png\" class=\"attachment-full size-full wp-image-1101\" alt=\"\" srcset=\"https:\/\/mecaniza.com.br\/wp-content\/uploads\/2024\/04\/MKT-MECANIZA-5.png 1500w, https:\/\/mecaniza.com.br\/wp-content\/uploads\/2024\/04\/MKT-MECANIZA-5-300x300.png 300w, https:\/\/mecaniza.com.br\/wp-content\/uploads\/2024\/04\/MKT-MECANIZA-5-1024x1024.png 1024w, https:\/\/mecaniza.com.br\/wp-content\/uploads\/2024\/04\/MKT-MECANIZA-5-150x150.png 150w, https:\/\/mecaniza.com.br\/wp-content\/uploads\/2024\/04\/MKT-MECANIZA-5-768x768.png 768w\" sizes=\"(max-width: 1500px) 100vw, 1500px\" \/><\/figure><div class=\"elementor-image-box-content\"><h3 class=\"elementor-image-box-title\">Pre\u00e7os<\/h3><p class=\"elementor-image-box-description\">E condi\u00e7\u00f5es especiais imperd\u00edveis para a aquisi\u00e7\u00e3o do seu trator YTO.<\/p><\/div><\/div>\t\t<\/div>\n\t\t\t\t<\/div>\n\t\t\t\t<\/div>\n\t\t<div class=\"elementor-element elementor-element-508b75da e-con-full e-flex e-con e-child\" data-id=\"508b75da\" data-element_type=\"container\">\n\t\t\t\t<div class=\"elementor-element elementor-element-32d0236 elementor-position-top elementor-widget elementor-widget-image-box\" data-id=\"32d0236\" data-element_type=\"widget\" data-widget_type=\"image-box.default\">\n\t\t\t\t<div class=\"elementor-widget-container\">\n\t\t\t<div class=\"elementor-image-box-wrapper\"><figure class=\"elementor-image-box-img\"><img decoding=\"async\" width=\"768\" height=\"768\" src=\"https:\/\/mecaniza.com.br\/wp-content\/uploads\/2024\/04\/MKT-MECANIZA-6-768x768.png\" class=\"attachment-medium_large size-medium_large wp-image-1102\" alt=\"\" srcset=\"https:\/\/mecaniza.com.br\/wp-content\/uploads\/2024\/04\/MKT-MECANIZA-6-768x768.png 768w, https:\/\/mecaniza.com.br\/wp-content\/uploads\/2024\/04\/MKT-MECANIZA-6-300x300.png 300w, https:\/\/mecaniza.com.br\/wp-content\/uploads\/2024\/04\/MKT-MECANIZA-6-1024x1024.png 1024w, https:\/\/mecaniza.com.br\/wp-content\/uploads\/2024\/04\/MKT-MECANIZA-6-150x150.png 150w, https:\/\/mecaniza.com.br\/wp-content\/uploads\/2024\/04\/MKT-MECANIZA-6.png 1500w\" sizes=\"(max-width: 768px) 100vw, 768px\" \/><\/figure><div class=\"elementor-image-box-content\"><h3 class=\"elementor-image-box-title\">Prazo<\/h3><p class=\"elementor-image-box-description\">de at\u00e9 7 anos para pagar <br>seu trator YTO<\/p><\/div><\/div>\t\t<\/div>\n\t\t\t\t<\/div>\n\t\t\t\t<\/div>\n\t\t\t\t\t<\/div>\n\t\t\t\t<\/div>\n\t\t<div class=\"elementor-element elementor-element-2202df3a e-flex e-con-boxed e-con e-parent\" data-id=\"2202df3a\" data-element_type=\"container\">\n\t\t\t\t\t<div class=\"e-con-inner\">\n\t\t\t\t<div class=\"elementor-element elementor-element-1798d9f3 elementor-widget elementor-widget-heading\" data-id=\"1798d9f3\" data-element_type=\"widget\" data-widget_type=\"heading.default\">\n\t\t\t\t<div class=\"elementor-widget-container\">\n\t\t\t<h2 class=\"elementor-heading-title elementor-size-default\">Nossos Parceiros\n<\/h2>\t\t<\/div>\n\t\t\t\t<\/div>\n\t\t\t\t<div class=\"elementor-element elementor-element-583dd7de elementor-arrows-position-inside elementor-widget elementor-widget-image-carousel\" data-id=\"583dd7de\" data-element_type=\"widget\" data-settings=\"{&quot;navigation&quot;:&quot;arrows&quot;,&quot;pause_on_interaction&quot;:&quot;no&quot;,&quot;speed&quot;:5000,&quot;autoplay&quot;:&quot;yes&quot;,&quot;pause_on_hover&quot;:&quot;yes&quot;,&quot;autoplay_speed&quot;:5000,&quot;infinite&quot;:&quot;yes&quot;}\" data-widget_type=\"image-carousel.default\">\n\t\t\t\t<div class=\"elementor-widget-container\">\n\t\t\t<style>\/*! elementor - v3.23.0 - 05-08-2024 *\/\n.elementor-widget-image-carousel .swiper,.elementor-widget-image-carousel .swiper-container{position:static}.elementor-widget-image-carousel .swiper-container .swiper-slide figure,.elementor-widget-image-carousel .swiper .swiper-slide figure{line-height:inherit}.elementor-widget-image-carousel .swiper-slide{text-align:center}.elementor-image-carousel-wrapper:not(.swiper-container-initialized):not(.swiper-initialized) .swiper-slide{max-width:calc(100% \/ var(--e-image-carousel-slides-to-show, 3))}<\/style>\t\t<div class=\"elementor-image-carousel-wrapper swiper\" dir=\"ltr\">\n\t\t\t<div class=\"elementor-image-carousel swiper-wrapper\" aria-live=\"off\">\n\t\t\t\t\t\t\t\t<div class=\"swiper-slide\" role=\"group\" aria-roledescription=\"slide\" aria-label=\"1 de 6\"><figure class=\"swiper-slide-inner\"><img decoding=\"async\" class=\"swiper-slide-image\" src=\"https:\/\/mecaniza.com.br\/wp-content\/uploads\/2023\/10\/1-1-300x150.png\" alt=\"1\" \/><\/figure><\/div><div class=\"swiper-slide\" role=\"group\" aria-roledescription=\"slide\" aria-label=\"2 de 6\"><figure class=\"swiper-slide-inner\"><img decoding=\"async\" class=\"swiper-slide-image\" src=\"https:\/\/mecaniza.com.br\/wp-content\/uploads\/2023\/10\/2-1-300x150.png\" alt=\"2\" \/><\/figure><\/div><div class=\"swiper-slide\" role=\"group\" aria-roledescription=\"slide\" aria-label=\"3 de 6\"><figure class=\"swiper-slide-inner\"><img decoding=\"async\" class=\"swiper-slide-image\" src=\"https:\/\/mecaniza.com.br\/wp-content\/uploads\/2023\/10\/3-1-300x150.png\" alt=\"3\" \/><\/figure><\/div><div class=\"swiper-slide\" role=\"group\" aria-roledescription=\"slide\" aria-label=\"4 de 6\"><figure class=\"swiper-slide-inner\"><img decoding=\"async\" class=\"swiper-slide-image\" src=\"https:\/\/mecaniza.com.br\/wp-content\/uploads\/2023\/10\/4-1-300x150.png\" alt=\"4\" \/><\/figure><\/div><div class=\"swiper-slide\" role=\"group\" aria-roledescription=\"slide\" aria-label=\"5 de 6\"><figure class=\"swiper-slide-inner\"><img decoding=\"async\" class=\"swiper-slide-image\" src=\"https:\/\/mecaniza.com.br\/wp-content\/uploads\/2023\/10\/5-1-300x150.png\" alt=\"5\" \/><\/figure><\/div><div class=\"swiper-slide\" role=\"group\" aria-roledescription=\"slide\" aria-label=\"6 de 6\"><figure class=\"swiper-slide-inner\"><img decoding=\"async\" class=\"swiper-slide-image\" src=\"https:\/\/mecaniza.com.br\/wp-content\/uploads\/2024\/02\/MARCAS-MECANIZA-300x150.png\" alt=\"MARCAS MECANIZA\" \/><\/figure><\/div>\t\t\t<\/div>\n\t\t\t\t\t\t\t\t\t\t\t\t<div class=\"elementor-swiper-button elementor-swiper-button-prev\" role=\"button\" tabindex=\"0\">\n\t\t\t\t\t\t<i aria-hidden=\"true\" class=\"eicon-chevron-left\"><\/i>\t\t\t\t\t<\/div>\n\t\t\t\t\t<div class=\"elementor-swiper-button elementor-swiper-button-next\" role=\"button\" tabindex=\"0\">\n\t\t\t\t\t\t<i aria-hidden=\"true\" class=\"eicon-chevron-right\"><\/i>\t\t\t\t\t<\/div>\n\t\t\t\t\n\t\t\t\t\t\t\t\t\t<\/div>\n\t\t\t\t<\/div>\n\t\t\t\t<\/div>\n\t\t\t\t\t<\/div>\n\t\t\t\t<\/div>\n\t\t\t\t<\/div>\n\t\t","protected":false},"excerpt":{"rendered":"<p>DESCRI\u00c7\u00c3O DO PRODUTO: Motor Modelo: LR4B3ZU-YTO Tipo: Diesel, 4 cilindros mec\u00e2nico aspirado Pot\u00eancia m\u00e1x. (CV [kW] @ rpm): 82 cv (60 kW) @ 2200 rpm N\u00famero de cilindros\/di\u00e2metro cilindro e curso pist\u00e3o: 4 cilindros \/ 108 x 130 mm Torque m\u00e1ximo: 325 Nm @ 1600 rpm Embreagem Tipo: Seco, dupla a\u00e7\u00e3o Di\u00e2metro: 12&#8243; Acionamento: Mec\u00e2nico [&hellip;]<\/p>\n","protected":false},"author":1,"featured_media":0,"parent":0,"menu_order":0,"comment_status":"closed","ping_status":"closed","template":"elementor_header_footer","meta":{"_joinchat":[],"footnotes":""},"class_list":["post-1572","page","type-page","status-publish","hentry"],"_links":{"self":[{"href":"https:\/\/mecaniza.com.br\/index.php?rest_route=\/wp\/v2\/pages\/1572","targetHints":{"allow":["GET"]}}],"collection":[{"href":"https:\/\/mecaniza.com.br\/index.php?rest_route=\/wp\/v2\/pages"}],"about":[{"href":"https:\/\/mecaniza.com.br\/index.php?rest_route=\/wp\/v2\/types\/page"}],"author":[{"embeddable":true,"href":"https:\/\/mecaniza.com.br\/index.php?rest_route=\/wp\/v2\/users\/1"}],"replies":[{"embeddable":true,"href":"https:\/\/mecaniza.com.br\/index.php?rest_route=%2Fwp%2Fv2%2Fcomments&post=1572"}],"version-history":[{"count":7,"href":"https:\/\/mecaniza.com.br\/index.php?rest_route=\/wp\/v2\/pages\/1572\/revisions"}],"predecessor-version":[{"id":1585,"href":"https:\/\/mecaniza.com.br\/index.php?rest_route=\/wp\/v2\/pages\/1572\/revisions\/1585"}],"wp:attachment":[{"href":"https:\/\/mecaniza.com.br\/index.php?rest_route=%2Fwp%2Fv2%2Fmedia&parent=1572"}],"curies":[{"name":"wp","href":"https:\/\/api.w.org\/{rel}","templated":true}]}}